ctor of 306?
True
Does 12 divide 694?
False
Is 71 a factor of 1042?
False
Is 405 a multiple of 36?
False
Is 990 a multiple of 30?
True
Does 27 divide 189?
True
Is 6 a factor of 562?
False
Is 10 a factor of 55590?
True
Does 2 divide 58?
True
Does 26 divide 598?
True
Does 65 divide 845?
True
Is 96412 a multiple of 246?
False
Does 14 divide 1260?
True
Is 24426 a multiple of 102?
False
Is 1640 a multiple of 36?
False
Is 120 a factor of 3480?
True
Is 267 a factor of 66888?
False
Does 2 divide 182?
True
Is 27 a factor of 1791?
False
Is 23 a factor of 8257?
True
Is 13 a factor of 22009?
True
Is 2 a factor of 91?
False
Does 9 divide 9216?
True
Is 300 a multiple of 25?
True
Does 11 divide 25680?
False
Does 183 divide 16470?
True
Is 3 a factor of 290?
False
Does 7 divide 6632?
False
Does 89 divide 10261?
False
Is 15 a factor of 8688?
False
Is 1864 a multiple of 100?
False
Is 223 a multiple of 2?
False
Is 56 a factor of 96953?
False
Is 1173 a multiple of 69?
True
Is 1580 a multiple of 158?
True
Is 2484 a multiple of 12?
True
Is 1111 a multiple of 11?
True
Is 19604 a multiple of 60?
False
Does 4 divide 96?
True
Is 94 a factor of 10434?
True
Is 191 a multiple of 23?
False
Is 838 a multiple of 3?
False
Does 6 divide 4862?
False
Is 264 a multiple of 33?
True
Does 16 divide 4624?
True
Is 17 a factor of 1503?
False
Is 1408 a multiple of 13?
False
Does 3 divide 41?
False
Does 108 divide 9452?
False
Does 71 divide 28076?
False
Does 108 divide 20140?
False
Is 5 a factor of 25?
True
Is 8 a factor of 3194?
False
Does 70 divide 350?
True
Is 19 a factor of 27124?
False
Is 112 a factor of 52257?
False
Does 7 divide 264?
False
Is 50 a factor of 8389?
False
Does 20 divide 27440?
True
Is 24552 a multiple of 33?
True
Is 153 a factor of 5198?
False
Is 533 a multiple of 13?
True
Does 7 divide 6457?
False
Is 6356 a multiple of 139?
False
Is 29 a factor of 295?
False
Is 980 a multiple of 28?
True
Is 147136 a multiple of 152?
True
Is 15 a factor of 3225?
True
Does 34 divide 924?
False
Does 5 divide 250?
True
Is 7280 a multiple of 16?
True
Does 26 divide 104?
True
Is 2335 a multiple of 8?
False
Is 2687 even?
False
Is 32256 a multiple of 7?
True
Does 23 divide 460?
True
Does 60 divide 15840?
True
Is 1518 a multiple of 22?
True
Is 8480 a multiple of 10?
True
Is 11 a factor of 6044?
False
Is 1980 a multiple of 99?
True
Is 11 a factor of 25?
False
Is 2032 a multiple of 20?
False
Is 196 a factor of 2744?
True
Is 4383 a multiple of 144?
False
Is 4 a factor of 1668?
True
Does 9 divide 516?
False
Does 52 divide 10452?
True
Is 1371 a multiple of 23?
False
Does 31 divide 15460?
False
Is 14 a factor of 8652?
True
Does 9 divide 2259?
True
Is 57 a factor of 2882?
False
Is 5199 a multiple of 35?
False
Is 471 a multiple of 8?
False
Is 7 a factor of 517?
False
Does 33 divide 396?
True
Is 920 a multiple of 92?
True
Does 80 divide 75040?
True
Is 56043 a multiple of 14?
False
Does 25 divide 1800?
True
Does 14 divide 1008?
True
Does 23 divide 989?
True
Is 755 a multiple of 14?
False
Is 28 a factor of 7560?
True
Does 13 divide 767?
True
Does 83 divide 4107?
False
Is 5 a factor of 312?
False
Does 89 divide 2113?
False
Is 20824 a multiple of 152?
True
Is 21 a factor of 43225?
False
Is 10 a factor of 30727?
False
Is 14580 a multiple of 60?
True
Is 5220 a multiple of 61?
False
Is 2915 a multiple of 78?
False
Is 17 a factor of 3468?
True
Does 10 divide 728?
False
Is 7 a factor of 1094?
False
Does 56 divide 15306?
False
Is 21 a factor of 301?
False
Is 1641 a multiple of 90?
False
Is 240 a multiple of 15?
True
Is 46139 a multiple of 28?
False
Is 46 a factor of 4370?
True
Does 24 divide 25512?
True
Is 35 a factor of 805?
True
Does 2 divide 974?
True
Is 11101 a multiple of 17?
True
Is 398 a multiple of 8?
False
Does 83 divide 27103?
False
Does 27 divide 2442?
False
Does 31 divide 5172?
False
Is 27 a factor of 2133?
True
Is 33 a factor of 952?
False
Is 150 a multiple of 3?
True
Is 60411 a multiple of 9?
False
Is 2117 a multiple of 29?
True
Is 6 a factor of 107?
False
Is 18 a factor of 9252?
True
Does 24 divide 267?
False
Is 792 a multiple of 8?
True
Is 5 a factor of 3488?
False
Is 13 a factor of 3765?
False
Does 31 divide 2139?
True
Is 8 a factor of 12891?
False
Is 2973 a multiple of 113?
False
Is 16 a factor of 1542?
False
Is 72 a factor of 1357?
False
Does 7 divide 28?
True
Does 13 divide 2335?
False
Does 3 divide 249?
True
Is 64693 a multiple of 224?
False
Is 302 a factor of 71161?
False
Is 8 a factor of 6696?
True
Is 21 a factor of 24773?
False
Is 560 a multiple of 20?
True
Is 1649 a multiple of 18?
False
Is 15313 a multiple of 16?
False
Is 163 a multiple of 12?
False
Is 520 a multiple of 11?
False
Is 2174 a multiple of 58?
False
Is 29 a factor of 10556?
True
Is 347 a factor of 122144?
True
Is 6 a factor of 17586?
True
Does 268 divide 30016?
True
Does 80 divide 9440?
True
Is 21 a factor of 99185?
False
Is 81906 a multiple of 22?
True
Is 104 a factor of 26624?
True
Is 1190 a multiple of 34?
True
Does 16 divide 656?
True
Is 87 a factor of 24205?
False
Does 19 divide 3096?
False
Is 29 a factor of 8526?
True
Is 44681 a multiple of 91?
True
Is 110 a factor of 989?
False
Is 15 a factor of 3122?
False
Is 8 a factor of 1248?
True
Is 12 a factor of 168?
True
Does 57 divide 15233?
False
Is 53 a factor of 424?
True
Does 5 divide 25605?
True
Is 8 a factor of 15765?
False
Does 101 divide 523?
False
Is 3049 a multiple of 5?
False
Is 456 a multiple of 38?
True
Is 140 a factor of 24543?
False
Is 2572 a multiple of 12?
False
Does 16 divide 12112?
True
Is 11424 a multiple of 204?
True
Is 26 a factor of 988?
True
Is 341 a multiple of 11?
True
Does 39 divide 46296?
False
Does 6 divide 69?
False
Is 26 a factor of 1014?
True
Is 318 a factor of 46746?
True
Does 7 divide 5963?
False
Is 9896 a multiple of 367?
False
Is 64 a factor of 384?
True
Is 3 a factor of 1269?
True
Is 22 a factor of 168?
False
Does 11 divide 1488?
False
Is 82 a factor of 33368?
False
Is 20 a factor of 459?
False
Does 32 divide 12157?
False
Is 16 a factor of 36011?
False
Is 2 a factor of 4794?
True
Is 147 a factor of 21315?
True
Is 16000 a multiple of 327?
False
Does 22 divide 3586?
True
Does 36 divide 235?
False
Does 38 divide 722?
True
Is 4 a factor of 1256?
True
Is 6 a factor of 8153?
False
Is 42306 a multiple of 66?
True
Is 99 even?
False
Is 13 a factor of 17068?
False
Is 24 a factor of 95?
False
Is 7841 a multiple of 91?
False
Does 12 divide 31?
False
Does 208 divide 15216?
False
Is 1134 a multiple of 18?
True
Is 13 a factor of 884?
True
Is 4182 a multiple of 51?
True
Is 256 a multiple of 24?
False
Is 29899 a multiple of 29?
True
Is 2947 a multiple of 4?
False
Is 7 a factor of 4829?
False
Is 13 a factor of 57346?
False
Is 21255 a multiple of 4?
False
Does 195 divide 44655?
True
Is 88352 a multiple of 251?
True
Is 6318 a multiple of 54?
True
Is 14 a factor of 3598?
True
Does 110 divide 16610?
True
Does 196 divide 8171?
False
Is 44 a multiple of 3?
False
Is 19140 a multiple of 11?
True
Is 2592 a multiple of 18?
True
Is 127 a factor of 27178?
True
Is 13 a factor of 303?
False
Is 18048 a multiple of 32?
True
Is 1860 a multiple of 60?
True
Does 19 divide 5738?
True
Does 11 divide 40154?
False
Is 16 a factor of 1328?
True
Is 8 a factor of 228?
False
Does 78 divide 89565?
False
Is 23 a factor of 9470?
False
Does 31 divide 2108?
True
Is 14654 a multiple of 79?
False
Is 36 a factor of 15372?
True
Does 19 divide 454?
False
Does 10 divide 280?
True
Is 223 a factor of 114399?
True
Does 20 divide 21891?
False
Is 4 a factor of 62?
False
Is 173 a factor of 9861?
True
Is 7833 a multiple of 8?
False
Is 911 a multiple of 4?
False
Does 11 divide 13265?
False
Is 62 a factor of 88660?
True
Does 38 divide 22619?
False
Is 243 a multiple of 3?
True
Is 31 a factor of 620?
True
Does 11 divide 984?
False
Is 32 a factor of 125?
False
Does 116 divide 4985?
False
Is 770 a multiple of 22?
True
Does 3 divide 69?
True
Is 8 a factor of 881?
False
Is 96 a multiple of 8?
True
Does 19 divide 323?
True
Is 7 a factor of 211?
False
Is 3396 a multiple of 61?
False
Is 28 a factor of 728?
True
Is 26 a factor of 2738?
False
Is 166 a factor of 8126?
False
Does 16 divide 8556?
False
Is 1551 a multiple of 8?
False
Is 480 a multiple of 15?
True
Does 11 divide 122744?
False
Is 33780 a multiple o